 is divided by 24.
21
Calculate the remainder when 10525 is divided by 32.
29
What is the remainder when 143 is divided by 42?
17
What is the remainder when 175 is divided by 14?
7
What is the remainder when 1483 is divided by 135?
133
What is the remainder when 1359 is divided by 45?
9
What is the remainder when 173 is divided by 12?
5
What is the remainder when 466 is divided by 13?
11
Calculate the remainder when 55 is divided by 10.
5
What is the remainder when 1005 is divided by 125?
5
Calculate the remainder when 836 is divided by 824.
12
What is the remainder when 312 is divided by 47?
30
Calculate the remainder when 3822 is divided by 1908.
6
Calculate the remainder when 1458 is divided by 56.
2
Calculate the remainder when 67 is divided by 3.
1
Calculate the remainder when 756 is divided by 189.
0
Calculate the remainder when 13224 is divided by 25.
24
Calculate the remainder when 351 is divided by 28.
15
What is the remainder when 9328 is divided by 43?
40
Calculate the remainder when 1424 is divided by 15.
14
Calculate the remainder when 33 is divided by 7.
5
What is the remainder when 175 is divided by 46?
37
Calculate the remainder when 393 is divided by 126.
15
Calculate the remainder when 208 is divided by 9.
1
What is the remainder when 265 is divided by 21?
13
Calculate the remainder when 146 is divided by 124.
22
Calculate the remainder when 518 is divided by 34.
8
Calculate the remainder when 388 is divided by 13.
11
Calculate the remainder when 388 is divided by 186.
16
Calculate the remainder when 291 is divided by 98.
95
Calculate the remainder when 10 is divided by 10.
0
Calculate the remainder when 168 is divided by 24.
0
What is the remainder when 837 is divided by 210?
207
What is the remainder when 13429 is divided by 31?
6
Calculate the remainder when 812 is divided by 17.
13
What is the remainder when 2180 is divided by 24?
20
What is the remainder when 736 is divided by 9?
7
Calculate the remainder when 5555 is divided by 31.
6
Calculate the remainder when 31 is divided by 16.
15
What is the remainder when 607 is divided by 510?
97
What is the remainder when 205 is divided by 15?
10
Calculate the remainder when 279 is divided by 96.
87
What is the remainder when 348 is divided by 112?
12
Calculate the remainder when 597 is divided by 12.
9
What is the remainder when 5126 is divided by 151?
143
What is the remainder when 8594 is divided by 2862?
8
What is the remainder when 563 is divided by 75?
38
What is the remainder when 115 is divided by 41?
33
What is the remainder when 157 is divided by 30?
7
Calculate the remainder when 192 is divided by 3.
0
Calculate the remainder when 120 is divided by 28.
8
What is the remainder when 862 is divided by 36?
34
What is the remainder when 2933 is divided by 726?
29
Calculate the remainder when 759 is divided by 45.
39
What is the remainder when 1390 is divided by 127?
120
Calculate the remainder when 551 is divided by 156.
83
What is the remainder when 317 is divided by 115?
87
Calculate the remainder when 791 is divided by 12.
11
What is the remainder when 157 is divided by 27?
22
Calculate the remainder when 503 is divided by 72.
71
Calculate the remainder when 67 is divided by 12.
7
What is the remainder when 137 is divided by 35?
32
What is the remainder when 121 is divided by 28?
9
What is the remainder when 1365 is divided by 447?
24
Calculate the remainder when 55 is divided by 51.
4
What is the remainder when 59 is divided by 15?
14
What is the remainder when 20 is divided by 7?
6
What is the remainder when 218 is divided by 16?
10
Calculate the remainder when 508 is divided by 17.
15
Calculate the remainder when 348 is divided by 35.
33
Calculate the remainder when 229 is divided by 220.
9
What is the remainder when 322 is divided by 87?
61
Calculate the remainder when 322 is divided by 32.
2
What is the remainder when 633 is divided by 282?
69
What is the remainder when 786 is divided by 193?
14
Calculate the remainder when 128 is divided by 54.
20
Calculate the remainder when 9425 is divided by 23.
18
Calculate the remainder when 828 is divided by 38.
30
Calculate the remainder when 521 is divided by 48.
41
Calculate the remainder when 119 is divided by 71.
48
What is the remainder when 1307 is divided by 131?
128
Calculate the remainder when 59 is divided by 10.
9
What is the remainder when 161 is divided by 31?
6
What is the remainder when 1849 is divided by 103?
98
Calculate the remainder when 1288 is divided by 38.
34
What is the remainder when 1847 is divided by 77?
76
Calculate the remainder when 79 is divided by 16.
15
Calculate the remainder when 1852 is divided by 53.
50
What is the remainder when 249 is divided by 52?
41
What is the remainder when 483 is divided by 148?
39
What is the remainder when 1149 is divided by 45?
24
What is the remainder when 45 is divided by 12?
9
Calculate the remainder when 365 is divided by 34.
25
Calculate the remainder when 3246 is divided by 116.
114
Calculate the remainder when 233 is divided by 34.
29
What is the remainder when 16 is divided by 5?
1
Calculate the remainder when 170 is divided by 166.
4
What is the remainder when 416 is divided by 143?
130
What is the remainder when 366 is divided by 28?
2
What is the remainder when 2020 is divided by 54?
22
What is the remainder when 288 is divided by 70?
8
Calculate the remainder when 1363 is divided by 137.
130
Calculate the remainder when 11566 is divided by 269.
268
What is the remainder when 262 is divided by 94?
74
What is the remainder when 1383 is divided by 73?
69
Calculate the remainder when 1078 is divided by 57.
52
What is the remainder when 338 is divided by 115?
108
What is the remainder when 269 is divided by 27?
26
Calculate the remainder when 2 is divided by 2.
0
What is the remainder when 83 is divided by 50?
33
What is the remainder when 74 is divided by 5?
4
Calculate the remainder when 632 is divided by 170.
122
What is the remainder when 229 is divided by 209?
20
What is the remainder when 6 is divided by 5?
1
Calculate the remainder when 2349 is divided by 14.
11
What is the remainder when 148 is divided by 57?
34
What is the remainder when 1087 is divided by 366?
355
What is the remainder when 584 is divided by 28?
24
What is the remainder when 352 is divided by 88?
0
Calculate the remainder when 7248 is divided by 362.
8
Calculate the remainder when 628 is divided by 216.
196
Calculate the remainder when 212 is divided by 24.
20
Calculate the remainder when 904 is divided by 27.
13
Calculate the remainder when 189 is divided by 24.
21
Calculate the remainder when 62 is divided by 16.
14
What is the remainder when 301 is divided by 108?
85
What is the remainder when 293 is divided by 76?
65
What is the remainder when 1081 is divided by 360?
1
Calculate the remainder when 215 is divided by 187.
28
What is the remainder when 76 is divided by 13?
11
What is the remainder when 171 is divided by 22?
17
What is the remainder when 616 is divided by 69?
64
Calculate the remainder when 184 is divided by 63.
58
Calculate the remainder when 146 is divided by 10.
6
What is the remainder when 169 is divided by 17?
16
Calculate the remainder when 1383 is divided by 11.
8
Calculate the remainder when 76 is divided by 21.
13
Calculate the remainder when 891 is divided by 128.
123
What is the remainder when 270 is divided by 91?
88
What is the remainder when 630 is divided by 128?
118
Calculate the remainder when 1917 is divided by 96.
93
What is the remainder when 285 is divided by 96?
93
Calculate the remainder when 627 is divided by 37.
35
What is the remainder when 3773 is divided by 43?
32
Calculate the remainder when 1033 is divided by 102.
13
What is the remainder when 655 is divided by 94?
91
Calculate the remainder when 32 is divided by 13.
6
Calculate the remainder when 250 is divided by 36.
34
Calculate the remainder when 127 is divided by 118.
9
Calculate the remainder when 196 is divided by 18.
16
What is the remainder when 413 is divided by 11?
6
What is the remainder when 45 is divided by 7?
3
What is the remainder when 3863 is divided by 14?
13
Calculate the remainder when 187 is divided by 30.
7
Calculate the remainder when 80 is divided by